{"id":376,"date":"2020-04-12T07:41:06","date_gmt":"2020-04-12T05:41:06","guid":{"rendered":"http:\/\/sklep.badenczapki.eu\/index.php\/product\/maseczka-pixel-roz\/"},"modified":"2022-03-04T11:40:10","modified_gmt":"2022-03-04T10:40:10","slug":"maseczka-pixel-roz","status":"publish","type":"product","link":"http:\/\/sklep.badenczapki.eu\/index.php\/product\/maseczka-pixel-roz\/","title":{"rendered":"Maseczka Pixel R\u00f3\u017c"},"content":{"rendered":"<p><strong>Maseczka ochronna<\/strong><\/p>\n<p><strong>bezszwowa, dwuwarstwowa<\/strong><\/p>\n<p>&nbsp;<\/p>\n<p>wielokrotnego u\u017cytku<\/p>\n<p>mo\u017cna pra\u0107 w pralce lub dezynfekowa\u0107 spirytusem<\/p>\n<p>wykonana z prz\u0119dzy bawe\u0142nianej czesankowej 100%<\/p>\n<p>mocowana ta\u015bm\u0105 gumow\u0105<\/p>\n<p>wz\u00f3r \u017cakardowy<\/p>\n<p>&nbsp;<\/p>\n<p><em>posiada certyfikat\u00a0Oekotex<\/em><\/p>\n","protected":false},"excerpt":{"rendered":"<p>Maseczka ochronna bezszwowa, dwuwarstwowa &nbsp; wielokrotnego u\u017cytku mo\u017cna pra\u0107 w pralce lub dezynfekowa\u0107 spirytusem wykonana z prz\u0119dzy bawe\u0142nianej czesankowej 100% [&hellip;]<\/p>\n","protected":false},"featured_media":374,"template":"","meta":[],"product_brand":[],"product_cat":[64],"product_tag":[65,66],"class_list":{"0":"post-376","1":"product","2":"type-product","3":"status-publish","4":"has-post-thumbnail","6":"product_cat-maseczki","7":"product_tag-maseczka","8":"product_tag-maseczki-wielorazowe","10":"first","11":"outofstock","12":"shipping-taxable","13":"purchasable","14":"product-type-simple"},"_links":{"self":[{"href":"http:\/\/sklep.badenczapki.eu\/index.php\/wp-json\/wp\/v2\/product\/376","targetHints":{"allow":["GET"]}}],"collection":[{"href":"http:\/\/sklep.badenczapki.eu\/index.php\/wp-json\/wp\/v2\/product"}],"about":[{"href":"http:\/\/sklep.badenczapki.eu\/index.php\/wp-json\/wp\/v2\/types\/product"}],"wp:featuredmedia":[{"embeddable":true,"href":"http:\/\/sklep.badenczapki.eu\/index.php\/wp-json\/wp\/v2\/media\/374"}],"wp:attachment":[{"href":"http:\/\/sklep.badenczapki.eu\/index.php\/wp-json\/wp\/v2\/media?parent=376"}],"wp:term":[{"taxonomy":"product_brand","embeddable":true,"href":"http:\/\/sklep.badenczapki.eu\/index.php\/wp-json\/wp\/v2\/product_brand?post=376"},{"taxonomy":"product_cat","embeddable":true,"href":"http:\/\/sklep.badenczapki.eu\/index.php\/wp-json\/wp\/v2\/product_cat?post=376"},{"taxonomy":"product_tag","embeddable":true,"href":"http:\/\/sklep.badenczapki.eu\/index.php\/wp-json\/wp\/v2\/product_tag?post=376"}],"curies":[{"name":"wp","href":"https:\/\/api.w.org\/{rel}","templated":true}]}}