{"id":313,"date":"2019-11-17T16:44:51","date_gmt":"2019-11-17T15:44:51","guid":{"rendered":"http:\/\/sklep.badenczapki.eu\/index.php\/product\/madryt-komplet\/"},"modified":"2022-03-04T11:43:34","modified_gmt":"2022-03-04T10:43:34","slug":"madryt-komplet","status":"publish","type":"product","link":"http:\/\/sklep.badenczapki.eu\/index.php\/product\/madryt-komplet\/","title":{"rendered":"Madryt Komplet"},"content":{"rendered":"<p><strong>MADRYT<\/strong><\/p>\n<p>komplet czapka + komin<\/p>\n<p>z dwu-kolorowej prz\u0119dzy przeplatany brokatow\u0105 nitk\u0105<br \/>\nczapka (podw\u00f3jna z podszewk\u0105) + komin zak\u0142adany na dwa razy<br \/>\ndost\u0119pny w modnych kolorach<\/p>\n<p>rozmiar uniwersalny<\/p>\n<p>OLIWIER<\/p>\n<p>30% we\u0142na 70% akryl<\/p>\n","protected":false},"excerpt":{"rendered":"<p>MADRYT komplet czapka + komin z dwu-kolorowej prz\u0119dzy przeplatany brokatow\u0105 nitk\u0105 czapka (podw\u00f3jna z podszewk\u0105) + komin zak\u0142adany na dwa [&hellip;]<\/p>\n","protected":false},"featured_media":314,"template":"","meta":[],"product_brand":[],"product_cat":[38],"product_tag":[],"class_list":{"0":"post-313","1":"product","2":"type-product","3":"status-publish","4":"has-post-thumbnail","6":"product_cat-czapki","7":"pa_kolor-czarny","8":"pa_kolor-szary","9":"pa_kolor-rozowy","10":"pa_kolor-wrzos","11":"pa_kolor-bezowy","12":"pa_kolor-ciemny-bez","14":"first","15":"instock","16":"shipping-taxable","17":"product-type-variable"},"_links":{"self":[{"href":"http:\/\/sklep.badenczapki.eu\/index.php\/wp-json\/wp\/v2\/product\/313","targetHints":{"allow":["GET"]}}],"collection":[{"href":"http:\/\/sklep.badenczapki.eu\/index.php\/wp-json\/wp\/v2\/product"}],"about":[{"href":"http:\/\/sklep.badenczapki.eu\/index.php\/wp-json\/wp\/v2\/types\/product"}],"wp:featuredmedia":[{"embeddable":true,"href":"http:\/\/sklep.badenczapki.eu\/index.php\/wp-json\/wp\/v2\/media\/314"}],"wp:attachment":[{"href":"http:\/\/sklep.badenczapki.eu\/index.php\/wp-json\/wp\/v2\/media?parent=313"}],"wp:term":[{"taxonomy":"product_brand","embeddable":true,"href":"http:\/\/sklep.badenczapki.eu\/index.php\/wp-json\/wp\/v2\/product_brand?post=313"},{"taxonomy":"product_cat","embeddable":true,"href":"http:\/\/sklep.badenczapki.eu\/index.php\/wp-json\/wp\/v2\/product_cat?post=313"},{"taxonomy":"product_tag","embeddable":true,"href":"http:\/\/sklep.badenczapki.eu\/index.php\/wp-json\/wp\/v2\/product_tag?post=313"}],"curies":[{"name":"wp","href":"https:\/\/api.w.org\/{rel}","templated":true}]}}